ivided by 624?
623
What is the remainder when 139720 is divided by 381?
274
What is the remainder when 3669 is divided by 1223?
0
What is the remainder when 62599 is divided by 696?
655
Calculate the remainder when 22625 is divided by 11301.
23
Calculate the remainder when 3777 is divided by 375.
27
What is the remainder when 80101 is divided by 2670?
1
What is the remainder when 6350 is divided by 740?
430
What is the remainder when 771053 is divided by 543?
536
What is the remainder when 9523 is divided by 1903?
8
Calculate the remainder when 7234 is divided by 26.
6
What is the remainder when 204 is divided by 192?
12
Calculate the remainder when 1963476 is divided by 11.
9
Calculate the remainder when 37676 is divided by 112.
44
Calculate the remainder when 166199 is divided by 556.
511
What is the remainder when 98366 is divided by 32788?
2
What is the remainder when 175375 is divided by 452?
451
What is the remainder when 1668485 is divided by 584?
581
Calculate the remainder when 1274 is divided by 1172.
102
Calculate the remainder when 356296 is divided by 309.
19
What is the remainder when 2903 is divided by 67?
22
Calculate the remainder when 13234 is divided by 69.
55
Calculate the remainder when 53754 is divided by 11.
8
What is the remainder when 177659 is divided by 189?
188
Calculate the remainder when 119135 is divided by 136.
135
Calculate the remainder when 171 is divided by 127.
44
Calculate the remainder when 533712 is divided by 99.
3
What is the remainder when 4425 is divided by 45?
15
What is the remainder when 2058 is divided by 244?
106
What is the remainder when 850417 is divided by 143?
139
What is the remainder when 520271 is divided by 175?
171
Calculate the remainder when 2140 is divided by 575.
415
What is the remainder when 40620 is divided by 6754?
96
Calculate the remainder when 1942 is divided by 389.
386
Calculate the remainder when 181352 is divided by 90672.
8
What is the remainder when 83020 is divided by 101?
99
Calculate the remainder when 21710 is divided by 37.
28
What is the remainder when 3145 is divided by 1569?
7
Calculate the remainder when 4098 is divided by 3884.
214
Calculate the remainder when 417493 is divided by 1915.
23
Calculate the remainder when 1173 is divided by 203.
158
Calculate the remainder when 25404 is divided by 43.
34
What is the remainder when 34446 is divided by 50?
46
Calculate the remainder when 3964 is divided by 182.
142
Calculate the remainder when 69982 is divided by 9984.
94
Calculate the remainder when 10931 is divided by 5457.
17
Calculate the remainder when 461 is divided by 327.
134
Calculate the remainder when 8550 is divided by 350.
150
Calculate the remainder when 11821 is divided by 16.
13
What is the remainder when 1403 is divided by 367?
302
Calculate the remainder when 153691 is divided by 14.
13
What is the remainder when 314104 is divided by 39?
37
What is the remainder when 1507 is divided by 36?
31
Calculate the remainder when 1750 is divided by 112.
70
Calculate the remainder when 5258 is divided by 989.
313
What is the remainder when 79714 is divided by 535?
534
Calculate the remainder when 508 is divided by 12.
4
Calculate the remainder when 3874 is divided by 259.
248
Calculate the remainder when 2480122 is divided by 226.
224
Calculate the remainder when 37717 is divided by 26.
17
What is the remainder when 4828 is divided by 918?
238
What is the remainder when 19210 is divided by 6379?
73
What is the remainder when 1839 is divided by 617?
605
What is the remainder when 42255 is divided by 40?
15
What is the remainder when 333947 is divided by 51?
50
Calculate the remainder when 19761 is divided by 19710.
51
Calculate the remainder when 1158 is divided by 416.
326
What is the remainder when 38614 is divided by 2970?
4
What is the remainder when 181971 is divided by 67?
66
Calculate the remainder when 22156 is divided by 1063.
896
Calculate the remainder when 73048 is divided by 3650.
48
Calculate the remainder when 277 is divided by 102.
73
What is the remainder when 18210 is divided by 4515?
150
What is the remainder when 4372 is divided by 109?
12
Calculate the remainder when 501626 is divided by 2200.
26
Calculate the remainder when 4225 is divided by 144.
49
What is the remainder when 782168 is divided by 260717?
17
What is the remainder when 5293 is divided by 212?
205
What is the remainder when 3765 is divided by 638?
575
Calculate the remainder when 16301 is divided by 133.
75
What is the remainder when 12793 is divided by 2556?
13
Calculate the remainder when 44788 is divided by 759.
7
Calculate the remainder when 16339 is divided by 10.
9
What is the remainder when 3464 is divided by 550?
164
Calculate the remainder when 1171 is divided by 530.
111
What is the remainder when 20976 is divided by 698?
36
Calculate the remainder when 724 is divided by 190.
154
What is the remainder when 4333 is divided by 3907?
426
Calculate the remainder when 251937 is divided by 38.
35
What is the remainder when 7495 is divided by 138?
43
What is the remainder when 4525 is divided by 4484?
41
Calculate the remainder when 4144 is divided by 5.
4
What is the remainder when 10601 is divided by 7?
3
Calculate the remainder when 166 is divided by 30.
16
What is the remainder when 90123 is divided by 11263?
19
What is the remainder when 629103 is divided by 41?
40
What is the remainder when 5724 is divided by 91?
82
What is the remainder when 30088 is divided by 15037?
14
What is the remainder when 363 is divided by 78?
51
Calculate the remainder when 73554 is divided by 259.
257
Calculate the remainder when 14968 is divided by 4844.
436
What is the remainder when 10354 is divided by 53?
19
Calculate the remainder when 15599 is divided by 1947.
23
What is the remainder when 54512 is divided by 236?
232
Calculate the remainder when 34436 is divided by 17207.
22
What is the remainder when 4483438 is divided by 195?
193
Calculate the remainder when 38041 is divided by 617.
404
What is the remainder when 16278 is divided by 398?
358
Calculate the remainder when 1058 is divided by 1026.
32
What is the remainder when 8196 is divided by 41?
37
Calculate the remainder when 57541 is divided by 23.
18
What is the remainder when 6556 is divided by 3079?
398
What is the remainder when 7495 is divided by 944?
887
Calculate the remainder when 777598 is divided by 270.
268
Calculate the remainder when 13259 is divided by 54.
29
Calculate the remainder when 22080 is divided by 84.
72
What is the remainder when 221312 is divided by 958?
14
What is the remainder when 16253 is divided by 30?
23
What is the remainder when 385500 is divided by 128498?
6
Calculate the remainder when 6295352 is divided by 187.
184
What is the remainder when 4008 is divided by 58?
6
What is the remainder when 721774 is divided by 528?
526
What is the remainder when 2808552 is divided by 581?
579
What is the remainder when 7138 is divided by 6333?
805
Calculate the remainder when 234098 is divided by 371.
368
What is the remainder when 7423 is divided by 999?
430
What is the remainder when 6404 is divided by 373?
63
Calculate the remainder when 5340 is divided by 484.
16
Calculate the remainder when 4502 is divided by 1203.
893
Calculate the remainder when 313046 is divided by 201.
89
Calculate the remainder when 127000 is divided by 1245.
10
What is the remainder when 1536064 is divided by 1314?
1312
Calculate the remainder when 16011 is divided by 3974.
115
Calculate the remainder when 10197 is divided by 310.
277
Calculate the remainder when 1658 is divided by 227.
69
Calculate the remainder when 724 is divided by 110.
64
Calculate the remainder when 17951 is divided by 52.
11
What is the remainder when 114489 is divided by 58?
55
Calculate the remainder when 238279 is divided by 148.
147
Calculate the remainder when 111718 is divided by 19.
17
Calculate the remainder when 11001 is divided by 5475.
51
Calculate the remainder when 6831 is divided by 331.
211
Calculate the remainder when 28088 is divided by 9.
8
What is the remainder when 564123 is divided by 61?
56
What is the remainder when 797 is divided by 738?
59
What is the remainder when 319338 is divided by 10?
8
What is the remainder when 